{"id":204,"date":"2020-02-16T17:01:21","date_gmt":"2020-02-16T17:01:21","guid":{"rendered":"http:\/\/networkconcepts.de\/?page_id=204"},"modified":"2021-08-24T09:56:49","modified_gmt":"2021-08-24T09:56:49","slug":"ansprechpartner","status":"publish","type":"page","link":"https:\/\/networkconcepts.de\/?page_id=204","title":{"rendered":"Ansprechpartner"},"content":{"rendered":"<p>[et_pb_section fb_built=&#8221;1&#8243; _builder_version=&#8221;4.3.2&#8243; background_image=&#8221;https:\/\/networkconcepts.de\/wp-content\/uploads\/2019\/11\/46059851_xl-scaled.jpg&#8221; custom_padding=&#8221;0px||0px|||&#8221;][et_pb_row column_structure=&#8221;1_2,1_2&#8243; _builder_version=&#8221;4.3.2&#8243; custom_margin=&#8221;|auto||412px||&#8221; custom_padding=&#8221;0px|||||&#8221;][et_pb_column type=&#8221;1_2&#8243; _builder_version=&#8221;4.3.2&#8243;][et_pb_text _builder_version=&#8221;4.3.2&#8243; header_2_font=&#8221;Share Tech||||||||&#8221; header_2_text_align=&#8221;justify&#8221; header_2_text_color=&#8221;#606060&#8243; header_2_font_size=&#8221;40px&#8221; background_color=&#8221;rgba(255,255,255,0.34)&#8221; custom_margin=&#8221;||-28px|||&#8221; custom_padding=&#8221;30px||50px|20px|false|false&#8221;]<\/p>\n<h2>Team Network Concepts<\/h2>\n<p>&nbsp;<\/p>\n<p><strong>Gesch\u00e4ftsf\u00fchrung<\/strong><br \/>Christian Herkenr\u00e4der<br \/>Tel.: 02336 8699110<br \/>email: <a href=\"mailto:c.herkenraeder@networkconcepts.de\">c.herkenraeder(at)networkconcepts.de<\/a><\/p>\n<p><strong>Techniker<\/strong><br \/>R\u00fcdiger Weinhold<br \/>Tel.: 02336 8699120<br \/>email: <a href=\"mailto:r.weinhold@networkconcepts.de\">r.weinhold(at)networkconcepts.de<\/a><\/p>\n<p>Raild Sieper<br \/>Tel.: 02336 8699121<br \/>email: <a href=\"mailto:r.sieper@networkconcepts.de\">r.sieper<\/a><a href=\"mailto:c.herkenraeder@networkconcepts.de\">(at)<\/a><a href=\"mailto:r.sieper@networkconcepts.de\">networkconcepts.de<\/a><\/p>\n<p>Sascha Zivkovic<br \/>Tel.: 02336 8699123<br \/>email: <a href=\"mailto:s.zivkovic@networkconcepts.de\">s.zivkovic<\/a><a href=\"mailto:c.herkenraeder@networkconcepts.de\">(at)<\/a><a href=\"mailto:s.zivkovic@networkconcepts.de\">networkconcepts.de<\/a><\/p>\n<p>Christian Herkenr\u00e4der<br \/>Tel.: 02336 8699110<br \/>email: <a href=\"mailto:c.herkenraeder@networkconcepts.de\">c.herkenraeder<\/a><a href=\"mailto:c.herkenraeder@networkconcepts.de\">(at)<\/a><a href=\"mailto:c.herkenraeder@networkconcepts.de\">networkconcepts.de<\/a><\/p>\n<p>Marc Nonhoff<br \/>Tel.: 02336 8699112<br \/>email: <a href=\"mailto:m.nonhoff@networkconcepts.de\">m.nonhoff<\/a><a href=\"mailto:c.herkenraeder@networkconcepts.de\">(at)<\/a><a href=\"mailto:m.nonhoff@networkconcepts.de\">networkconcepts.de<\/a><\/p>\n<p>&nbsp;<\/p>\n<p><strong>Buchhaltung<br \/><\/strong>Kirsten Geiser<br \/>Tel.: 02336 8699140<br \/>email: <a href=\"mailto:buchhaltung@networkconcepts.de\">buchhaltung<\/a><a href=\"mailto:c.herkenraeder@networkconcepts.de\">(at)<\/a><a href=\"mailto:buchhaltung@networkconcepts.de\">networkconcepts.de<\/a><\/p>\n<p>[\/et_pb_text][\/et_pb_column][et_pb_column type=&#8221;1_2&#8243; _builder_version=&#8221;4.3.2&#8243;][\/et_pb_column][\/et_pb_row][\/et_pb_section]<\/p>\n","protected":false},"excerpt":{"rendered":"<p>[et_pb_section fb_built=&#8221;1&#8243; _builder_version=&#8221;4.3.2&#8243; background_image=&#8221;https:\/\/networkconcepts.de\/wp-content\/uploads\/2019\/11\/46059851_xl-scaled.jpg&#8221; custom_padding=&#8221;0px||0px|||&#8221;][et_pb_row column_structure=&#8221;1_2,1_2&#8243; _builder_version=&#8221;4.3.2&#8243; custom_margin=&#8221;|auto||412px||&#8221; custom_padding=&#8221;0px|||||&#8221;][et_pb_column type=&#8221;1_2&#8243; _builder_version=&#8221;4.3.2&#8243;][et_pb_text _builder_version=&#8221;4.3.2&#8243; header_2_font=&#8221;Share Tech||||||||&#8221; header_2_text_align=&#8221;justify&#8221; header_2_text_color=&#8221;#606060&#8243; header_2_font_size=&#8221;40px&#8221; background_color=&#8221;rgba(255,255,255,0.34)&#8221; custom_margin=&#8221;||-28px|||&#8221; custom_padding=&#8221;30px||50px|20px|false|false&#8221;] Team Network Concepts &nbsp; Gesch\u00e4ftsf\u00fchrungChristian Herkenr\u00e4derTel.: 02336 8699110email: c.herkenraeder(at)networkconcepts.de TechnikerR\u00fcdiger WeinholdTel.: 02336 8699120email: r.weinhold(at)networkconcepts.de Raild SieperTel.: 02336 8699121email: r.sieper(at)networkconcepts.de Sascha ZivkovicTel.: 02336 8699123email: s.zivkovic(at)networkconcepts.de Christian Herkenr\u00e4derTel.: 02336 8699110email: c.herkenraeder(at)networkconcepts.de Marc NonhoffTel.: 02336 8699112email: m.nonhoff(at)networkconcepts.de &nbsp; [&hellip;]<\/p>\n","protected":false},"author":1,"featured_media":0,"parent":0,"menu_order":0,"comment_status":"closed","ping_status":"closed","template":"","meta":{"_et_pb_use_builder":"on","_et_pb_old_content":"","_et_gb_content_width":""},"_links":{"self":[{"href":"https:\/\/networkconcepts.de\/index.php?rest_route=\/wp\/v2\/pages\/204"}],"collection":[{"href":"https:\/\/networkconcepts.de\/index.php?rest_route=\/wp\/v2\/pages"}],"about":[{"href":"https:\/\/networkconcepts.de\/index.php?rest_route=\/wp\/v2\/types\/page"}],"author":[{"embeddable":true,"href":"https:\/\/networkconcepts.de\/index.php?rest_route=\/wp\/v2\/users\/1"}],"replies":[{"embeddable":true,"href":"https:\/\/networkconcepts.de\/index.php?rest_route=%2Fwp%2Fv2%2Fcomments&post=204"}],"version-history":[{"count":15,"href":"https:\/\/networkconcepts.de\/index.php?rest_route=\/wp\/v2\/pages\/204\/revisions"}],"predecessor-version":[{"id":230048,"href":"https:\/\/networkconcepts.de\/index.php?rest_route=\/wp\/v2\/pages\/204\/revisions\/230048"}],"wp:attachment":[{"href":"https:\/\/networkconcepts.de\/index.php?rest_route=%2Fwp%2Fv2%2Fmedia&parent=204"}],"curies":[{"name":"wp","href":"https:\/\/api.w.org\/{rel}","templated":true}]}}